d(q) = 7*k(q) + 2*t(q). Determine d(5).
9
Let k = 126 - 110. Suppose -4 + k = 2*z. Let o(u) = -1 + 8*u - u**2 + 0*u - z*u. What is o(1)?
0
Let i(t) = 4*t**2 + 14*t + 31. Let z(v) = -2*v**2 - 7*v - 15. Let s(n) = -6*i(n) - 13*z(n). Calculate s(-5).
24
Let f(i) = -i**2 - 3*i - 1. Let x = 23 - 47. Let v(r) = 5*r + 116. Let d be v(x). Calculate f(d).
-5
Let i = 114 + -111. Let t(b) = -b**2 + 7*b - 1. Let u(v) = 2*v**2 - 13*v + 2. Let j(w) = i*u(w) + 5*t(w). Determine j(4).
1
Suppose -2*t + t = -14. Suppose -17*d + 12 = -t*d. Let h(f) = -1 + 9*f - d*f - 3*f + 7*f**3. Calculate h(1).
8
Let p(q) = q**3 + 5*q**2 + 6*q - 1. Suppose -8 = -71*d + 69*d. Suppose -3*m = 2*r - 4*m + 8, -d*m = 8. What is p(r)?
-31
Let u = 14808 + -14813. Let j(d) = -7*d - 28. What is j(u)?
7
Let p(h) = -2*h - 4. Let d be p(4). Let x(t) = 2*t**3 + 13*t**2 - 24*t - 107. Let o(n) = n**3 + 6*n**2 - 12*n - 59. Let r(j) = -9*o(j) + 5*x(j). Determine r(d).
-4
Let t(y) = -2*y + 1. Let c(g) = -7*g + 55. Let j be c(15). Let b = 50 + j. Suppose b = 4*l - u + 13, -l + 2*u - 4 = u. What is t(l)?
7
Let r be 1/(-5) - 228/10. Let o(s) = -28 + 86*s + 20*s**3 - 8*s**3 - 23*s**2 - 87*s - 13*s**3. Determine o(r).
-5
Let i(n) = 3*n - 2*n - 2*n - n**2 - 5. Suppose 0 = -4*s + 6 + 6. Suppose -10*q - s*q = 0. Give i(q).
-5
Let a = -9 + 15. Let k = -1 + a. Let q(v) = -v - 1. Let s(d) = d**2 - 5*d - 5. Let z(t) = q(t) - s(t). Give z(k).
-1
Let u(k) = -k**2 - k. Let g(y) = -3*y**2 - 13*y + 5. Let c(i) = g(i) - 4*u(i). Suppose -n = 6*b - 10*b + 38, 5*b = -5*n + 35. What is c(b)?
5
Let a(l) = -l**3 + 9*l**2 + 28*l - 59. Let b be a(11). Let o(d) = -d**2 - 9*d + 26. Give o(b).
-86
Let w(y) be the third derivative of -y**4/12 + 2*y**3 - 125220*y**2. Let r be -1 + (0 + 2 - 1). Calculate w(r).
12
Let f(w) = w**2 - 27 - 3*w + 59 - 31. Determine f(-6).
55
Let u(l) = -2*l**2 - 15*l. Let k be (23/161*98)/(2*-1). Give u(k).
7
Let l(o) = -3*o + 4. Let p(x) = -x**2 - 11*x - 70. Let d(f) = 2*l(f) + p(f). What is d(-5)?
-2
Let f(u) = 15*u - 17. Let h be f(9). Suppose -4*b - h + 94 = 0. Let r(x) = x**2 + 3*x - 8. What is r(b)?
10
Let r(q) = -52 + 105 + 10*q - 57. Let w be r(0). Let u(d) = d**3 + d**2 - 4*d - 3. Give u(w).
-35
Suppose 113*j + 680 = 133*j. Let k be j/8 - 6/(-8). Let r(f) = 2*f - 12. Give r(k).
-2
Let n = -503 + 505. Let l(b) = -2 - 4 + 7*b + 7*b**2 + 2*b**2 - 10*b**n. Determine l(4).
6
Let i(v) = v**2 - 8*v + 10. Suppose -297*s + 1592 = -98*s. What is i(s)?
10
Let b(j) be the second derivative of -13*j**6/720 + j**5/24 + 7*j**4/6 + j**2 + 5*j + 28. Let t(g) be the third derivative of b(g). What is t(2)?
-21
Let x(d) = 83 + 26*d + 7*d - 51232*d**2 + 51233*d**2 - d. Determine x(-28).
-29
Let v(i) = 0*i**2 + 3 + 14 - 22*i**3 - 10*i**2 - 14*i + 23*i**3. Let b be v(11). Let m be 1 + 2/4 + 8/b. Let n(u) = -14*u - 1. What is n(m)?
-15
Let l(r) = 2*r**2 - r. Suppose -11*x + 887 = -994. Let n = x + -172. Calculate l(n).
3
Let c(b) be the first derivative of 7*b**2 + 3*b - 2/3*b**3 - 17. Let m be c(7). Let d(p) = p - 3. What is d(m)?
0
Let n(g) = -g**2 + 7*g - 7. Let i(y) = -11*y - 45. Let a be i(-8). Let k = a + -33. Suppose -13*j + k = -11*j. Determine n(j).
3
Let y be (-40)/(12/3)*262/(-655). Let f(w) = 40*w - 152. What is f(y)?
8
Let x(c) = 32*c + 27 - 38 - 52 + 2 - 61. Give x(4).
6
Let b(z) be the third derivative of z**6/120 - z**5/2 - 5*z**4/4 - 16*z**3/3 + 2225*z**2. Calculate b(31).
-1
Let k(y) = -y**3 + 2*y**2 - 2*y - 44. Suppose 0 = -5*g - 3*u + 18, 0 = -16*g + 12*g + 4*u - 24. Calculate k(g).
-44
Let i(u) = -8526*u + 16*u**3 + 8527*u + 3*u**2 + 1 - 3 + 0. What is i(-1)?
-16
Let r = 964/5 - 1923/10. Let g(t) be the second derivative of 0 - 1/3*t**3 - 25*t + r*t**2 + t**4. Give g(1).
11
Let a(d) = -2*d**2 - 1 + 2*d - 5*d**3 - 4*d**3 + 5*d**3. Suppose -8806*l + 12 = -8794*l. What is a(l)?
-5
Let w(b) = b + 7. Let i = 254 - 67. Suppose -i*h + 54 = -193*h. What is w(h)?
-2
Let v(m) = 6*m**2 - 2*m + 28. Let l be v(4). Let n(y) = -2*y**3 - l + 229 - y - 114 - y**2. What is n(-1)?
1
Let p(m) = -125 + 54 + 19*m - m**2 + 55 - 7*m. What is p(7)?
19
Let y(s) = -108*s - 4085. Let g be y(-38). Let v(u) = -6*u + 59. Calculate v(g).
-55
Let b(y) = -2*y**3 - 2*y**2 - y + 2. Let g = -11295 - -11296. Calculate b(g).
-3
Let w(c) = -9*c + 3. Let z(r) = 5*r - 1. Let d = -25 + 18. Let y(t) = d*z(t) - 4*w(t). Determine y(6).
1
Let g(z) be the second derivative of z + 1/6*z**3 - 27 + z**2 - 1/6*z**4. What is g(-1)?
-1
Let j(l) = 83*l**2 - 19*l + 2. Let y(s) = s**2 + 3*s. Let b(r) = -j(r) - 6*y(r). What is b(1)?
-90
Let u = 21039 + -21038. Let i(f) = -7*f**2 - 15*f + 15. Calculate i(u).
-7
Let j(t) be the first derivative of -5*t**3/6 - 9*t**2/2 - 344*t - 212. Let w(r) be the first derivative of j(r). Let o = -12 + 6. What is w(o)?
21
Let t(m) be the second derivative of -m**3 + 7*m**2 + 76*m. Let u = -285 - -288. What is t(u)?
-4
Let s(t) = -2*t**2 + 28*t - 31. Let w = -21644 - -21657. What is s(w)?
-5
Suppose -29*h + 36*h - 91 = 0. Let t(s) = h*s - 34*s + 22*s. Let o(d) = d**3 + d**2 - d - 5. Let r be o(0). What is t(r)?
-5
Suppose -3*u + l + 13 = 0, 4*l = -4*u - 0*u - 4. Let z(q) = -9*q**3 + 30*q**u + 15 - 22*q**3. Determine z(0).
15
Let j(k) = -k**2 - 4*k + 14*k + 0*k - 11. Suppose -132*m + 808 = -512. Determine j(m).
-11
Let x(s) = s**3 + 3*s**2 - 5*s - 2. Let n(t) = t + 13. Suppose -18*f + 30 = -21*f. Let h be n(f). Let k be (-30)/(h - -2)*2/3. What is x(k)?
2
Let n(q) = -q**3 - 9*q**2 - 5*q + 6. Let o = -14145 - -14137. Calculate n(o).
-18
Let h be (148/185)/((-5)/50). Let u(n) = 10*n + 80. Determine u(h).
0
Let x(l) = 40*l - 5 - 14*l - 16*l - 15*l. Calculate x(1).
-10
Let f(s) = 15*s + 104. Suppose 28 + 75 - 49 = -9*j. Calculate f(j).
14
Suppose -5 = -6*q - 5. Suppose q = -2*c - 3*c + 15. Let g(y) = -y**2 + 5. Let k be g(c). Let v(d) = d**2 + 5*d - 3. Calculate v(k).
-7
Let d(y) = 15 + 20 + 6 + 23*y. Let l(x) = -8*x - 14. Let p = -17 - -23. Let f(n) = p*d(n) + 17*l(n). Determine f(-6).
-4
Let p(a) = 3*a - 20. Let m(z) = z - 1. Let b(y) = -4*m(y) + p(y). Let f be ((-40)/(-25))/((-4 - 0)/20). Let j be b(f). Let t(s) = -s - 10. Calculate t(j).
-2
Let c(o) = 23*o - 17. Let q be c(1). Let l(s) = s**3 - 6*s**2 - 8*s + 15. Calculate l(q).
-33
Let o(m) = m**3 + 9*m**2 - 10*m + 8. Suppose 2*t + 8 = 222. Let i = 115 - t. Let v(a) = a**2 - 9*a - 2. Let u be v(i). Calculate o(u).
8
Suppose 0 = -o + 4*d + 19, -4*d + 3*d - 10 = 5*o. Let i(z) = 16 + 30*z**2 - 17 + 2*z + 4 - 4 - 4*z. Calculate i(o).
31
Let h = -8 - -10. Let u = -1 + h. Let j(t) be the third derivative of -t**6/30 + t**5/30 - t**4/12 + t**3/6 + 242*t**2. Calculate j(u).
-3
Let y(c) = -5*c + 69. Let s be (75/(-10))/(21/(-6) - -3). Let f be y(s). Let a(d) = -8 - d**2 + 0 - 7*d + 0 + 1. Calculate a(f).
-1
Suppose -5*d - 61 = -3*m, -4*d = 3*m - 16 + 54. Let j(r) = 6 + 0 - 3 + r. Give j(d).
-8
Let n(z) = 21*z - 349. Let y(t) = 7*t - 108. Let j(r) = 6*n(r) - 19*y(r). Determine j(17).
-161
Let y(q) = 22*q + 10. Let i(t) = -9*t + 0 + 5 - 9. Let d(c) = -15*i(c) - 6*y(c). Give d(-4).
-12
Let v = 18836 + -18833. Let k(o) be the second derivative of 3*o**2 + 2/3*o**v + 28*o + 0. Give k(-6).
-18
Let f(v) be the first derivative of v**4/4 + 25*v**3/3 + 25*v**2/2 + 7*v + 1566. Calculate f(-24).
-17
Let h(s) = 12*s - 18. Let r(w) = 1276*w - 6389. Let u be r(5). What is h(u)?
-126
Let s(p) = 11*p**3 - p**2 - 17*p - 8. Let a be 6/(-3) + 5 + 10. Let d(r) = 5*r**3 - r**2 - 8*r - 3. Let q(h) = a*d(h) - 6*s(h). Determine q(-7).
23
Let y(r) = r**2 - 4*r - 57. Let k be y(11). Let p be (14 - -1) + 1/1. Suppose p = 2*d - 4*n, k = 4*d + 3*n + n. Let j(g) = g**2 - 6*g - 2. Calculate j(d).
-2
Let t(u) = -8*u - 4. Let j(y) = -2322*y + 4649. Let r be j(2). Determine t(r).
-44
Suppose -x = -3*x + 12. Let k(h) be the third derivative of h**5/60 - 3*h**4/8 + h**3 - 22549*h**2. Calculate k(x).
-12
Suppose 0 = 80*d + 832 - 672. Let z(u) = 14*u**3 - u**2 - 6*u + 1. What is z(d)?
-103
Let s = -11 - -7. Let t(r) = 5*r + 13. Let a(k) = 31*k + 76. Let z(n) = 6*a(n) - 34*t(n). Let m(x) = 9*x + 8. Let q(i) = -7*m(i) + 4*z(i). Give q(s).
-4
Let k(h) = 17*h - 11*h - 2 - 108 + 2. Give k(19).
6
Suppose -71 + 142 = -34*q + 139. Let b(g) = -16*g**3 + 2*g**2 - 1. Calculate b(q).
-121
Let b be (3*77/22)/(1 + 2/4). L